{"id":637,"date":"2018-04-02T16:27:18","date_gmt":"2018-04-02T16:27:18","guid":{"rendered":"http:\/\/wenergysolar.com\/?page_id=637"},"modified":"2018-04-02T21:35:14","modified_gmt":"2018-04-03T01:35:14","slug":"proyectos-fotovoltaicos","status":"publish","type":"page","link":"https:\/\/wenergysolar.com\/?page_id=637","title":{"rendered":"Proyectos Fotovoltaicos"},"content":{"rendered":"<div id=\"pl-637\"  class=\"panel-layout\" >\n<div id=\"pg-637-0\"  class=\"panel-grid panel-has-style\"  data-style=\"{&quot;padding&quot;:&quot;1px&quot;,&quot;background_display&quot;:&quot;tile&quot;,&quot;gutter&quot;:&quot;5px&quot;,&quot;row_stretch&quot;:&quot;full-stretched&quot;,&quot;cell_alignment&quot;:&quot;flex-start&quot;,&quot;align&quot;:&quot;&quot;,&quot;column_padding&quot;:&quot;&quot;}\"  data-ratio=\"1\"  data-ratio-direction=\"right\" >\n<div class=\"siteorigin-panels-stretch rocked-stretch panel-row-style panel-row-style-for-637-0\" style=\"padding: 1px 0; \" data-stretch-type=\"full-stretched\" >\n<div id=\"pgc-637-0-0\"  class=\"panel-grid-cell\"  data-weight=\"1\" >\n<div id=\"panel-637-0-0-0\" class=\"so-panel widget widget_smartslider3 panel-first-child panel-last-child\" data-index=\"0\" data-style=\"{&quot;background_display&quot;:&quot;tile&quot;}\" ><\/div>\n<\/div>\n<\/div>\n<\/div>\n<div id=\"pg-637-1\"  class=\"panel-grid panel-has-style\"  data-style=\"{&quot;id&quot;:&quot;#Conectados&quot;,&quot;padding&quot;:&quot;5px&quot;,&quot;background_display&quot;:&quot;fixed&quot;,&quot;bottom_margin&quot;:&quot;5px&quot;,&quot;row_stretch&quot;:&quot;full-stretched&quot;,&quot;cell_alignment&quot;:&quot;flex-start&quot;,&quot;align&quot;:true,&quot;color&quot;:&quot;#ffffff&quot;,&quot;column_padding&quot;:&quot;&quot;}\"  data-ratio=\"1\"  data-ratio-direction=\"right\" >\n<div class=\"siteorigin-panels-stretch rocked-stretch panel-row-style panel-row-style-for-637-1\" style=\"color: #ffffff;text-align: center;padding: 5px 0; \" id=\"Conectados\" data-stretch-type=\"full-stretched\" data-hascolor=\"hascolor\" >\n<div id=\"pgc-637-1-0\"  class=\"panel-grid-cell\"  data-weight=\"1\" >\n<div id=\"panel-637-1-0-0\" class=\"so-panel widget widget_sow-editor panel-first-child panel-last-child\" data-index=\"1\" data-style=\"{&quot;padding&quot;:&quot;0px 30px 30px 0px&quot;,&quot;background&quot;:&quot;#00b6cb&quot;,&quot;background_display&quot;:&quot;tile&quot;,&quot;font_color&quot;:&quot;#ffffff&quot;}\" >\n<div class=\"panel-widget-style panel-widget-style-for-637-1-0-0\" >\n<div class=\"so-widget-sow-editor so-widget-sow-editor-base\">\n<h3 class=\"widget-title\">Sistemas Conectados a la Red<\/h3>\n<div class=\"siteorigin-widget-tinymce textwidget\">\n<div class=\"siteorigin-widget-tinymce textwidget\">\n<h5 style=\"text-align: left; padding-left: 30px;\"><span style=\"color: #f5f5f5;\">Los sistemas conectados a la red el\u00e9ctrica (grid-tie) gestionados por WENERGY convierten la energ\u00eda de los paneles solares y la inyectan directamente al consumo de la vivienda o del negocio sin necesidad de bater\u00edas. WENERGY SOLAR gestiona todos los&nbsp; beneficios correspondientes a la ley 57-07 de modo que el tiempo de retorno sea extraordinariamente r\u00e1pido; entregando una soluci\u00f3n llave en mano.<\/span><\/h5>\n<h5 style=\"text-align: left; padding-left: 30px;\"><span style=\"color: #f5f5f5;\">Los sistemas conectados, pueden optar por el programa energ\u00eda garantizada en el cual se garantiza que siempre se va a generar la energ\u00eda prometida y solo se paga por la energ\u00eda generada.<\/span><\/h5>\n<\/div>\n<\/div>\n<\/div>\n<\/div>\n<\/div>\n<\/div>\n<\/div>\n<\/div>\n<div id=\"pg-637-2\"  class=\"panel-grid panel-has-style\"  data-style=\"{&quot;padding&quot;:&quot;5px&quot;,&quot;background_display&quot;:&quot;tile&quot;,&quot;row_stretch&quot;:&quot;full-stretched&quot;,&quot;cell_alignment&quot;:&quot;flex-start&quot;,&quot;align&quot;:true,&quot;column_padding&quot;:&quot;&quot;}\"  data-ratio=\"1\"  data-ratio-direction=\"right\" >\n<div class=\"siteorigin-panels-stretch rocked-stretch panel-row-style panel-row-style-for-637-2\" style=\"text-align: center;padding: 5px 0; \" data-stretch-type=\"full-stretched\" >\n<div id=\"pgc-637-2-0\"  class=\"panel-grid-cell\"  data-weight=\"1\" >\n<div id=\"panel-637-2-0-0\" class=\"so-panel widget widget_rocked_facts rocked_facts_widget panel-first-child panel-last-child\" data-index=\"2\" data-style=\"{&quot;mobile_padding&quot;:&quot;0px 20px 0px 0px&quot;,&quot;background_display&quot;:&quot;tile&quot;}\" >\n<div class=\"panel-widget-style panel-widget-style-for-637-2-0-0\" ><\/div>\n<\/div>\n<\/div>\n<\/div>\n<\/div>\n<div id=\"pg-637-3\"  class=\"panel-grid panel-has-style\"  data-style=\"{&quot;id&quot;:&quot;#Microredes&quot;,&quot;padding&quot;:&quot;5px&quot;,&quot;background_display&quot;:&quot;fixed&quot;,&quot;bottom_margin&quot;:&quot;5px&quot;,&quot;gutter&quot;:&quot;20px&quot;,&quot;row_stretch&quot;:&quot;full-stretched&quot;,&quot;cell_alignment&quot;:&quot;flex-start&quot;,&quot;align&quot;:true,&quot;color&quot;:&quot;#232323&quot;,&quot;column_padding&quot;:&quot;&quot;}\"  data-ratio=\"1\"  data-ratio-direction=\"right\" >\n<div class=\"siteorigin-panels-stretch rocked-stretch panel-row-style panel-row-style-for-637-3\" style=\"color: #232323;text-align: center;padding: 5px 0; \" id=\"Microredes\" data-stretch-type=\"full-stretched\" data-hascolor=\"hascolor\" >\n<div id=\"pgc-637-3-0\"  class=\"panel-grid-cell\"  data-weight=\"0.69639278557114\" >\n<div id=\"panel-637-3-0-0\" class=\"so-panel widget widget_sow-editor panel-first-child\" data-index=\"3\" data-style=\"{&quot;padding&quot;:&quot;20px 30px 30px 0px&quot;,&quot;background&quot;:&quot;#fcc763&quot;,&quot;background_display&quot;:&quot;tile&quot;,&quot;font_color&quot;:&quot;#ffffff&quot;}\" >\n<div class=\"panel-widget-style panel-widget-style-for-637-3-0-0\" >\n<div class=\"so-widget-sow-editor so-widget-sow-editor-base\">\n<h3 class=\"widget-title\">Micro-Redes WENERGY<\/h3>\n<div class=\"siteorigin-widget-tinymce textwidget\">\n<div class=\"siteorigin-widget-tinymce textwidget\">\n<h5 style=\"text-align: left; padding-left: 30px;\"><span style=\"color: #333333;\">Los sistemas desconectados de la red electrica gestionados por\u00a0 WENERGY permiten obtener energia mediante paneles solares y almacenarla en baterias de alta eficiencia, para ser utilizada cuando sea necesario.<\/span><\/h5>\n<h5 style=\"text-align: left; padding-left: 30px;\"><span style=\"color: #333333;\">Nuestra modalidad microred, permite al cliente tener una red electrica en lugares donde no existe la distribucion electrica. Alimentando diferentes cargas. desde luminarias hasta electrodomesticos y maquinarias industriales.<\/span><\/h5>\n<\/div>\n<\/div>\n<\/div>\n<\/div>\n<\/div>\n<div id=\"panel-637-3-0-1\" class=\"so-panel widget widget_rocked_action rocked_action_widget panel-last-child\" data-index=\"4\" data-style=\"{&quot;padding&quot;:&quot;-20px -20px -20px -20px&quot;,&quot;background&quot;:&quot;#00b6cb&quot;,&quot;background_display&quot;:&quot;tile&quot;,&quot;font_color&quot;:&quot;#ffffff&quot;}\" >\n<div class=\"panel-widget-style panel-widget-style-for-637-3-0-1\" ><\/div>\n<\/div>\n<\/div>\n<div id=\"pgc-637-3-1\"  class=\"panel-grid-cell\"  data-weight=\"0.30360721442886\" >\n<div id=\"panel-637-3-1-0\" class=\"so-panel widget widget_sow-image panel-first-child panel-last-child\" data-index=\"5\" data-style=\"{&quot;background_display&quot;:&quot;tile&quot;}\" ><div class=\"so-widget-sow-image so-widget-sow-image-default-813df796d9b1\">\n\n<div class=\"sow-image-container\">\n\t<img loading=\"lazy\" decoding=\"async\" src=\"https:\/\/wenergysolar.com\/wp-content\/uploads\/2018\/04\/microredes.png\" width=\"345\" height=\"440\" srcset=\"https:\/\/wenergysolar.com\/wp-content\/uploads\/2018\/04\/microredes.png 345w, https:\/\/wenergysolar.com\/wp-content\/uploads\/2018\/04\/microredes-235x300.png 235w, https:\/\/wenergysolar.com\/wp-content\/uploads\/2018\/04\/microredes-100x128.png 100w, https:\/\/wenergysolar.com\/wp-content\/uploads\/2018\/04\/microredes-275x351.png 275w\" sizes=\"auto, (max-width: 345px) 100vw, 345px\" \t\tclass=\"so-widget-image\"\/>\n<\/div>\n\n<\/div><\/div>\n<\/div>\n<\/div>\n<\/div>\n<div id=\"pg-637-4\"  class=\"panel-grid panel-has-style\"  data-style=\"{&quot;padding&quot;:&quot;5px&quot;,&quot;background_display&quot;:&quot;tile&quot;,&quot;row_stretch&quot;:&quot;full-stretched&quot;,&quot;cell_alignment&quot;:&quot;flex-start&quot;,&quot;align&quot;:&quot;&quot;,&quot;column_padding&quot;:&quot;&quot;}\"  data-ratio=\"1\"  data-ratio-direction=\"right\" >\n<div class=\"siteorigin-panels-stretch rocked-stretch panel-row-style panel-row-style-for-637-4\" style=\"padding: 5px 0; \" data-stretch-type=\"full-stretched\" >\n<div id=\"pgc-637-4-0\"  class=\"panel-grid-cell\"  data-weight=\"1\" >\n<div id=\"panel-637-4-0-0\" class=\"so-panel widget widget_rocked_facts rocked_facts_widget panel-first-child panel-last-child\" data-index=\"6\" data-style=\"{&quot;mobile_padding&quot;:&quot;0px 20px 0px 0px&quot;,&quot;background_display&quot;:&quot;tile&quot;}\" >\n<div class=\"panel-widget-style panel-widget-style-for-637-4-0-0\" ><\/div>\n<\/div>\n<\/div>\n<\/div>\n<\/div>\n<div id=\"pg-637-5\"  class=\"panel-grid panel-has-style\"  data-style=\"{&quot;id&quot;:&quot;#Bombeo&quot;,&quot;padding&quot;:&quot;5px&quot;,&quot;background_image_attachment&quot;:false,&quot;background_display&quot;:&quot;fixed&quot;,&quot;bottom_margin&quot;:&quot;5px&quot;,&quot;gutter&quot;:&quot;20px&quot;,&quot;row_stretch&quot;:&quot;full-stretched&quot;,&quot;cell_alignment&quot;:&quot;flex-start&quot;,&quot;align&quot;:true,&quot;color&quot;:&quot;#232323&quot;,&quot;background_image&quot;:false,&quot;column_padding&quot;:&quot;&quot;}\"  data-ratio=\"1\"  data-ratio-direction=\"right\" >\n<div class=\"siteorigin-panels-stretch rocked-stretch panel-row-style panel-row-style-for-637-5\" style=\"color: #232323;text-align: center;padding: 5px 0; \" id=\"Bombeo\" data-stretch-type=\"full-stretched\" data-hascolor=\"hascolor\" >\n<div id=\"pgc-637-5-0\"  class=\"panel-grid-cell\"  data-weight=\"0.69639278557114\" >\n<div id=\"panel-637-5-0-0\" class=\"so-panel widget widget_sow-editor panel-first-child\" data-index=\"7\" data-style=\"{&quot;padding&quot;:&quot;20px 30px 30px 0px&quot;,&quot;background&quot;:&quot;#fcc763&quot;,&quot;background_display&quot;:&quot;tile&quot;,&quot;font_color&quot;:&quot;#ffffff&quot;}\" >\n<div class=\"panel-widget-style panel-widget-style-for-637-5-0-0\" >\n<div class=\"so-widget-sow-editor so-widget-sow-editor-base\">\n<h3 class=\"widget-title\">Impulse el Agua con Paneles Solares<\/h3>\n<div class=\"siteorigin-widget-tinymce textwidget\">\n<div class=\"siteorigin-widget-tinymce textwidget\">\n<h5 style=\"text-align: left; padding-left: 30px;\">Para las plantaciones y fincas con necesidad de agua constante o intermitente con o sin reservorio, la mejor opci\u00f3n frente a una motobomba es el bombeo solar. En WENERGY realizamos el calculo correspondiente para garantizar no solo el caudal estimado y la presi\u00f3n, sino tambi\u00e9n garantizar que la bomba opere en su punto optimo.<\/h5>\n<h5 style=\"text-align: left; padding-left: 30px;\">Cuando se requiere una bomba para piscina, utilizamos bombas y controladores espec\u00edficamente dise\u00f1ados a tales fines, logrando mover toda el agua de la piscina diariamente las veces requeridas al menor coste el\u00e9ctrico<\/h5>\n<\/div>\n<\/div>\n<\/div>\n<\/div>\n<\/div>\n<div id=\"panel-637-5-0-1\" class=\"so-panel widget widget_rocked_action rocked_action_widget panel-last-child\" data-index=\"8\" data-style=\"{&quot;padding&quot;:&quot;-20px -20px -20px -20px&quot;,&quot;background&quot;:&quot;#00b6cb&quot;,&quot;background_display&quot;:&quot;tile&quot;,&quot;font_color&quot;:&quot;#ffffff&quot;}\" >\n<div class=\"panel-widget-style panel-widget-style-for-637-5-0-1\" ><\/div>\n<\/div>\n<\/div>\n<div id=\"pgc-637-5-1\"  class=\"panel-grid-cell\"  data-weight=\"0.30360721442886\" >\n<div id=\"panel-637-5-1-0\" class=\"so-panel widget widget_sow-image panel-first-child panel-last-child\" data-index=\"9\" data-style=\"{&quot;background_display&quot;:&quot;tile&quot;}\" ><div class=\"so-widget-sow-image so-widget-sow-image-default-813df796d9b1\">\n\n<div class=\"sow-image-container\">\n\t<img loading=\"lazy\" decoding=\"async\" src=\"https:\/\/wenergysolar.com\/wp-content\/uploads\/2018\/04\/bombeo.png\" width=\"872\" height=\"1204\" srcset=\"https:\/\/wenergysolar.com\/wp-content\/uploads\/2018\/04\/bombeo.png 872w, https:\/\/wenergysolar.com\/wp-content\/uploads\/2018\/04\/bombeo-217x300.png 217w, https:\/\/wenergysolar.com\/wp-content\/uploads\/2018\/04\/bombeo-768x1060.png 768w, https:\/\/wenergysolar.com\/wp-content\/uploads\/2018\/04\/bombeo-742x1024.png 742w, https:\/\/wenergysolar.com\/wp-content\/uploads\/2018\/04\/bombeo-700x967.png 700w, https:\/\/wenergysolar.com\/wp-content\/uploads\/2018\/04\/bombeo-410x566.png 410w, https:\/\/wenergysolar.com\/wp-content\/uploads\/2018\/04\/bombeo-100x138.png 100w, https:\/\/wenergysolar.com\/wp-content\/uploads\/2018\/04\/bombeo-275x380.png 275w\" sizes=\"auto, (max-width: 872px) 100vw, 872px\" \t\tclass=\"so-widget-image\"\/>\n<\/div>\n\n<\/div><\/div>\n<\/div>\n<\/div>\n<\/div>\n<div id=\"pg-637-6\"  class=\"panel-grid panel-has-style\"  data-style=\"{&quot;id&quot;:&quot;#Contacto&quot;,&quot;padding&quot;:&quot;10px&quot;,&quot;background_image_attachment&quot;:&quot;885&quot;,&quot;background_display&quot;:&quot;parallax&quot;,&quot;bottom_margin&quot;:&quot;0px&quot;,&quot;row_stretch&quot;:&quot;full-stretched&quot;,&quot;cell_alignment&quot;:&quot;center&quot;,&quot;align&quot;:true,&quot;color&quot;:&quot;#f7f7f7&quot;,&quot;column_padding&quot;:&quot;&quot;}\"  data-ratio=\"1\"  data-ratio-direction=\"right\" >\n<div class=\"siteorigin-panels-stretch rocked-stretch panel-row-style panel-row-style-for-637-6\" style=\"color: #f7f7f7;text-align: center;padding: 10px 0; \" data-siteorigin-parallax=\"{&quot;backgroundUrl&quot;:&quot;http:\\\/\\\/wenergysolar.com\\\/wp-content\\\/uploads\\\/2018\\\/04\\\/contactenos.jpg&quot;,&quot;backgroundSize&quot;:[1200,791],&quot;backgroundSizing&quot;:&quot;scaled&quot;,&quot;limitMotion&quot;:&quot;auto&quot;}\" id=\"Contacto\" data-stretch-type=\"full-stretched\" data-hascolor=\"hascolor\" >\n<div id=\"pgc-637-6-0\"  class=\"panel-grid-cell\"  data-weight=\"1\" >\n<div id=\"panel-637-6-0-0\" class=\"so-panel widget widget_sow-editor panel-first-child panel-last-child\" data-index=\"10\" data-style=\"{&quot;widget_css&quot;:&quot;{\\n    text-align: center;\\n}\\n&quot;,&quot;padding&quot;:&quot;20px 20px 20px 20px&quot;,&quot;background_display&quot;:&quot;tile&quot;}\" >\n<div class=\"panel-widget-style panel-widget-style-for-637-6-0-0\" >\n<div class=\"so-widget-sow-editor so-widget-sow-editor-base\">\n<h3 class=\"widget-title\">Cont\u00e1ctenos para una propuesta r\u00e1pida<\/h3>\n<div class=\"siteorigin-widget-tinymce textwidget\">\n\t<div role=\"form\" class=\"wpcf7\" id=\"wpcf7-f648-o1\" lang=\"en-US\" dir=\"ltr\">\n<div class=\"screen-reader-response\"><\/div>\n<form action=\"\/index.php?rest_route=%2Fwp%2Fv2%2Fpages%2F637#wpcf7-f648-o1\" method=\"post\" class=\"wpcf7-form\" novalidate=\"novalidate\">\n<div style=\"display: none;\">\n<input type=\"hidden\" name=\"_wpcf7\" value=\"648\" \/>\n<input type=\"hidden\" name=\"_wpcf7_version\" value=\"5.0.1\" \/>\n<input type=\"hidden\" name=\"_wpcf7_locale\" value=\"en_US\" \/>\n<input type=\"hidden\" name=\"_wpcf7_unit_tag\" value=\"wpcf7-f648-o1\" \/>\n<input type=\"hidden\" name=\"_wpcf7_container_post\" value=\"0\" \/>\n<\/div>\n<p><label> Nombre (requerido)        <span class=\"wpcf7-form-control-wrap your-name\"><input type=\"text\" name=\"your-name\" value=\"\" size=\"40\" class=\"wpcf7-form-control wpcf7-text wpcf7-validates-as-required\" aria-required=\"true\" aria-invalid=\"false\" \/><\/span> <\/label><\/p>\n<p><label> Email.... (requerido)        <span class=\"wpcf7-form-control-wrap your-email\"><input type=\"email\" name=\"your-email\" value=\"\" size=\"40\" class=\"wpcf7-form-control wpcf7-text wpcf7-email wpcf7-validates-as-required wpcf7-validates-as-email\" aria-required=\"true\" aria-invalid=\"false\" \/><\/span> <\/label><\/p>\n<p><label> Tel\u00e9fono______________<span class=\"wpcf7-form-control-wrap your-subject\"><input type=\"text\" name=\"your-subject\" value=\"\" size=\"40\" class=\"wpcf7-form-control wpcf7-text\" aria-invalid=\"false\" \/><\/span> <\/label> <\/p>\n<p><label> Mensaje                   <span class=\"wpcf7-form-control-wrap your-message\"><textarea name=\"your-message\" cols=\"40\" rows=\"10\" class=\"wpcf7-form-control wpcf7-textarea\" aria-invalid=\"false\"><\/textarea><\/span> <\/label><\/p>\n<p><input type=\"submit\" value=\"Enviar\" class=\"wpcf7-form-control wpcf7-submit\" \/><\/p>\n<div class=\"wpcf7-response-output wpcf7-display-none\"><\/div><\/form><\/div><\/div>\n<\/div>\n<\/div>\n<\/div>\n<\/div>\n<\/div>\n<\/div>\n<\/div>\n","protected":false},"excerpt":{"rendered":"<p>Sistemas Conectados a la Red Los sistemas conectados a la red el\u00e9ctrica (grid-tie) gestionados por WENERGY convierten la energ\u00eda de los paneles solares y la inyectan directamente al consumo de la vivienda o del negocio sin necesidad de bater\u00edas. WENERGY SOLAR gestiona todos los&nbsp; beneficios correspondientes a la ley 57-07 de modo que el tiempo [&hellip;]<\/p>\n","protected":false},"author":1,"featured_media":0,"parent":0,"menu_order":0,"comment_status":"closed","ping_status":"closed","template":"page-templates\/page_fullwidth.php","meta":{"footnotes":""},"class_list":["post-637","page","type-page","status-publish","hentry"],"_links":{"self":[{"href":"https:\/\/wenergysolar.com\/index.php?rest_route=\/wp\/v2\/pages\/637","targetHints":{"allow":["GET"]}}],"collection":[{"href":"https:\/\/wenergysolar.com\/index.php?rest_route=\/wp\/v2\/pages"}],"about":[{"href":"https:\/\/wenergysolar.com\/index.php?rest_route=\/wp\/v2\/types\/page"}],"author":[{"embeddable":true,"href":"https:\/\/wenergysolar.com\/index.php?rest_route=\/wp\/v2\/users\/1"}],"replies":[{"embeddable":true,"href":"https:\/\/wenergysolar.com\/index.php?rest_route=%2Fwp%2Fv2%2Fcomments&post=637"}],"version-history":[{"count":300,"href":"https:\/\/wenergysolar.com\/index.php?rest_route=\/wp\/v2\/pages\/637\/revisions"}],"predecessor-version":[{"id":846,"href":"https:\/\/wenergysolar.com\/index.php?rest_route=\/wp\/v2\/pages\/637\/revisions\/846"}],"wp:attachment":[{"href":"https:\/\/wenergysolar.com\/index.php?rest_route=%2Fwp%2Fv2%2Fmedia&parent=637"}],"curies":[{"name":"wp","href":"https:\/\/api.w.org\/{rel}","templated":true}]}}